et d(n) = -7*n - 87. What is d(-13)?
4
Let j(k) = 15*k**2 + 1. Give j(-1).
16
Let o(q) = -11*q + 15. Determine o(0).
15
Let i(d) = 3*d**3 - 2. Determine i(-3).
-83
Let k(q) = 40*q - 1151. Give k(29).
9
Let y(l) = l**2 + 4*l + 7. Determine y(-3).
4
Let w(g) = g**2 - 9*g - 149. What is w(17)?
-13
Let w(y) = -13*y - 5. What is w(-3)?
34
Let y(z) = 5*z - 143. Give y(32).
17
Let a(o) = o**2 + 3*o - 7. Determine a(3).
11
Let u(w) = -3*w - 14. What is u(0)?
-14
Let l(u) = 5*u + 38. What is l(-6)?
8
Let k(s) = 2*s**3 + 5*s**2 + 10*s + 16. Determine k(-4).
-72
Let h(j) = -j**3 - 9*j**2 + 74*j + 641. What is h(-10)?
1
Let a(t) = 2*t**2 - 24*t - 4. Determine a(12).
-4
Let r(a) = 9*a + 19. Determine r(-3).
-8
Let q(n) = -7*n + 13. What is q(2)?
-1
Let p(z) = -4*z - 2. Calculate p(-3).
10
Let z(w) = -14*w + 4. Give z(2).
-24
Let o(n) = n**3 - 15*n**2 + 13*n + 20. What is o(14)?
6
Let a(b) = -b**2 - 8*b + 16. What is a(-10)?
-4
Let b(a) = -48*a + 2. What is b(1)?
-46
Let u(b) = -b**2 + b + 19. What is u(7)?
-23
Let h(b) = 34*b**3 - 3*b - 1. Determine h(-1).
-32
Let l(z) = -2*z + 8. Give l(8).
-8
Let t(n) = 2*n**2 + 26*n + 22. What is t(-12)?
-2
Let l(x) = -x**3 - 14*x**2 - 15*x - 11. Determine l(-13).
15
Let a(t) = -5*t**2 - 3*t + 4. Calculate a(1).
-4
Let f(k) = -k**3 + 23*k**2 + 24*k + 7. Give f(24).
7
Let t(u) = -22*u - 209. Calculate t(-10).
11
Let d(n) = -2*n**3 + n**2 + 3*n - 3. Give d(2).
-9
Let o(p) = -11*p - 67. Give o(-6).
-1
Let b(o) = -o**3 + 3*o**2 + 6*o - 6. What is b(5)?
-26
Let d(s) = -2*s**2 - 13*s - 8. Determine d(-6).
-2
Let b(y) = y**2 - 14*y - 148. Give b(21).
-1
Let a(t) = 19*t - 256. Determine a(14).
10
Let m(k) = -2*k**3 + 2*k**2 + 3*k - 3. Give m(2).
-5
Let r(y) = y**3 - 16*y**2 - 17*y - 9. Determine r(17).
-9
Let o(l) = -15*l + 231. Determine o(16).
-9
Let c(z) = z**2 - 15*z + 6. Give c(14).
-8
Let a(d) = -11*d**3 - 3*d**2 + d. Give a(-1).
7
Let g(o) = o**3 - 16*o**2 - 4*o + 45. Calculate g(16).
-19
Let h(u) = 2*u**3 - 12*u**2 + 16*u - 4. Calculate h(5).
26
Let j(k) = 218*k + 215. Determine j(-1).
-3
Let n(f) = -f**2 + 5*f - 8. What is n(8)?
-32
Let l(q) = -3*q**2 - 122*q - 196. Give l(-39).
-1
Let k(d) = 13*d - 33. What is k(3)?
6
Let s(t) = -30*t + 314. Give s(10).
14
Let b(y) = y + 3. Calculate b(-8).
-5
Let p(x) = -x + 6. Calculate p(8).
-2
Let b(o) = o + 10. Give b(-7).
3
Let y(n) = -n**2 + 2. Give y(5).
-23
Let k(f) = f**3 - f**2 + 5*f + 22. Give k(-3).
-29
Let i(s) = 10*s**3 - 3*s**2 + 3*s - 2. Calculate i(2).
72
Let b(v) = -v**2 + 13*v + 3. What is b(10)?
33
Let h(r) = r**2 + 10*r + 8. Give h(-11).
19
Let x(r) = -25*r + 94. Calculate x(4).
-6
Let i(c) = -c**2 - 5*c + 41. Give i(-9).
5
Let g(l) = l**2 - 7*l + 1. Give g(6).
-5
Let j(d) = -15*d + 138. Calculate j(8).
18
Let b(t) = 4*t - 8. Determine b(6).
16
Let a(v) = v**2 - 3*v + 2. Determine a(-3).
20
Let s(n) = n**3 - 2*n**2 + 5*n - 10. What is s(3)?
14
Let a(u) = 2*u**2 - 21*u - 14. What is a(11)?
-3
Let z(t) = t**2 + 4*t - 3. Give z(-5).
2
Let m(u) = 9*u**3 - 4*u**2 + 5*u - 4. Calculate m(1).
6
Let q(c) = 10*c - 493. Calculate q(49).
-3
Let a(y) = 2*y - 11. Calculate a(5).
-1
Let p(v) = v + 1. Calculate p(6).
7
Let v(d) = 6*d + 20. Calculate v(-5).
-10
Let f(g) = -3*g**2 + 2*g + 4. Give f(3).
-17
Let u(q) = q**2 + 2*q - 2. What is u(3)?
13
Let o(z) = -2*z**3 - 4*z**2 + 2*z + 2. What is o(-3)?
14
Let d(r) = r**3 + 5*r**2 - 14*r + 11. What is d(-5)?
81
Let i(w) = -w + 2. What is i(-3)?
5
Let g(n) = -n**3 - 4*n**2 - 2*n - 1. Determine g(-1).
-2
Let n(v) = -2*v + 34. Calculate n(-19).
72
Let l(n) = 6*n**2 - 2*n - 2. Give l(3).
46
Let g(p) = p**2 - 7*p - 8. Calculate g(7).
-8
Let o(c) = -c**3 + 6*c**2 + 14*c - 44. What is o(7)?
5
Let g(m) = -2*m**3 - 6*m**2 + 5. Determine g(-4).
37
Let l(u) = u**2 - 4*u + 7. Give l(6).
19
Let m(b) = -2*b**2 - 16*b + 7. Determine m(-8).
7
Let x(i) = -6*i**2 - 61*i - 17. Give x(-10).
-7
Let d(p) = p**3 + 7*p**2 - 6*p + 15. What is d(-8)?
-1
Let m(p) = p - 7. Give m(6).
-1
Let y(w) = -w**3 - 43*w**2 - 82*w - 9. What is y(-41)?
-9
Let k(s) = s**2 + 20*s + 49. What is k(-18)?
13
Let r(n) = -n**2 + 8*n + 1. What is r(7)?
8
Let z(b) = 8*b - 63. Determine z(9).
9
Let d(a) = a**3 - 7*a**2 - 11*a + 7. Give d(8).
-17
Let y(t) = -t**2 - 6*t + 46. Determine y(0).
46
Let g(q) = q**2 - 2*q - 4. Calculate g(-2).
4
Let g(b) = b**3 - 4*b**2 + 2*b - 3. Determine g(2).
-7
Let l(b) = -3*b - 18. What is l(-6)?
0
Let g(f) = 17*f**2 - 30*f. Give g(2).
8
Let d(t) = -t**2 - 8*t - 25. Give d(-12).
-73
Let h(b) = b**3 - 3*b**2 - 8*b - 3. Determine h(6).
57
Let n(y) = -8*y + 12. Calculate n(-3).
36
Let x(j) = -5*j + 61. What is x(12)?
1
Let u(f) = -f**3 + 3*f**2 - f - 6. Determine u(0).
-6
Let d(z) = 3*z + 22. What is d(-8)?
-2
Let c(p) = p**2 + 11*p + 23. Determine c(-7).
-5
Let b(v) = 14*v - 1. Determine b(-1).
-15
Let m(q) = q**3 + 23*q**2 + 3*q + 5. Calculate m(-23).
-64
Let i(v) = 7*v**2 + 55*v - 7. Give i(-8).
1
Let f(n) = n**3 - 4*n**2 - 5*n + 2. What is f(4)?
-18
Let k(t) = -t**2 + 14*t - 38. What is k(9)?
7
Let n(l) = -3*l - 34. Determine n(-6).
-16
Let l(c) = -14*c + 38. What is l(3)?
-4
Let v(n) = -2*n**2 - 16*n - 6. Determine v(-5).
24
Let o(s) = 3*s - 23. Give o(5).
-8
Let m(h) = 48*h**2 - 3*h - 2. Give m(-1).
49
Let w(a) = a**3 - 9*a**2 + 3*a + 8. Give w(6).
-82
Let k(a) = a + 7. Determine k(-12).
-5
Let g(c) = -23*c + 92. Calculate g(4).
0
Let k(o) = -32*o**3 + 2*o**2 + 4*o + 2. Determine k(-1).
32
Let x(h) = -h**2 + 9*h - 4. Give x(6).
14
Let w(b) = b**2 - 8*b - 10. What is w(13)?
55
Let s(a) = 2*a**3 - 11*a**2 - a - 9. Determine s(6).
21
Let r(q) = q**3 + 4*q**2 - 8*q - 10. Determine r(-4).
22
Let x(w) = -w**2 + 12*w - 15. What is x(11)?
-4
Let m(u) = u**3 + 5*u**2 - 6. What is m(-5)?
-6
Let o(w) = 9*w - 80. Calculate o(16).
64
Let y(x) = -3*x**3 - 2*x**2 - 23. Determine y(-4).
137
Let o(a) = -a**3 - 16*a**2 - 31*a - 40. What is o(-14)?
2
Let d(u) = u**2 + 22*u + 64. Give d(-19).
7
Let w(d) = d - 11. What is w(-2)?
-13
Let d(o) = -5*o**3 - o**2 + 2. What is d(-2)?
38
Let a(z) = z**2 - 16*z + 31. Give a(3).
-8
Let x(k) = 8*k + 18. What is x(-3)?
-6
Let l(k) = 24*k**3 - k**2 + 5*k - 6. Determine l(1).
22
Let o(w) = -w. What is o(-4)?
4
Let c(l) = 11*l - 33. What is c(8)?
55
Let f(g) = -g**2 + 25*g + 75. What is f(27)?
21
Let n(k) = 7*k + 18. Calculate n(-4).
-10
Let b(w) = -w**2 + 7*w + 10. Calculate b(-4).
-34
Let y(v) = 2*v + 10. Calculate y(-6).
-2
Let l(v) = -v**2 - 9*v - 4. What is l(-10)?
-14
Let u(x) = x**2 - 23*x + 46. Calculate u(21).
4
Let g(l) = -l**2 + 27*l - 78. What is g(24)?
-6
Let l(o) = -o**2 + 17*o - 2. Calculate l(4).
50
Let u(s) = -5*s + 4. Give u(8).
-36
Let b(m) = m**3 + 10*m**2 - 7*m - 26. Determine b(-6).
160
Let i(f) = 2*f**2 - 13*f - 4. Give i(5).
-19
Let t(s) = 3*s + 26. Give t(-7).
5
Let f(s) = 2*s**2 - 15*s - 30. What is f(9)?
-3
Let l(v) = 2*v - 14. Give l(13).
12
Let u(c) = -3*c - 13. Give u(-6).
5
Let x(k) = 2*k**2 + 33*k + 109. Give x(-5).
-6
Let d(n) = -n - 46. What is d(-57)?
11
Let d(n) = -n + 22. Calculate d(-9).
31
Let j(b) = b**2 - 11*b + 11. What is j(10)?
1
Let d(w) = -w**3 - w**2 + w + 31. Determine d(0).
31
Let u(p) = 2*p + 47. Calculate u(23).
93
Let m(r) = -10*r + 75. Give m(8).
-5
Let c(d) = -8*d + 154. Give c(15).
34
Let w(p) = -p**3 + 6*p**2 - 2*p + 7. What is w(6)?
-5
Let a(w) = -w**2 + 2*w + 9. Calculate a(0).
9
Let f(s) = 14*s**3 - 5*s**2 + 5*s - 2. Give f(2).
100
Let j(f) = -14*f - 167. What is j(-9)?
-41
Let y(k) = -2*k + 24. Give y(-17).
58
Let h(l) = -4*l**2 - 10*l + 1. Determine h(0).
1
Let g(t) = t**3 + 6*t**2 + 2*t + 1. What is g(-6)?
-11
Let u(r) = 15*r**2 + 4*r + 9. Give u(-2).
61
Let g(w) = 3*w - 60. Determine g(25).
15
Let c(g) = g + 38. Give c(-17).
21
Let u(m) = -52*m + 2031. Calculate u(39).
3
Let r(w) = -w**2 - 11*w - 6. Calculate r(-8).
18
Let o(m) = 2*m**2 - m + 4. Give o(-3).
25
Let k(y) = -y**2 + 7*y + 4. Determine k(7).
4
Let l(t) = -2*t - 19. Determine l(-16).
13
Let k(g) = 2*g**3 - 13*g**2 + 5*g + 44. Calculate k(5).
-6
Let m(c) = -c**2 - 6*c - 5. Give m(-6).
-5
Let w(r) = r**2 + 24*r + 6. What is w(-22)?
-38
Let u(d) = -d**2 - 5*d - 5. What is u(-2)?
1
Let z(u) = -5*u + 6. Calculate z(-4).
26
Let d(n) = -n**3 + 4*n**2 + 6*n - 8. Determine d(4).
16
Let a(l) = l**2 + 25*l - 15. De